ands digit of 33016031?
0
What is the ten thousands digit of 112788446?
8
What is the hundreds digit of 228716377?
3
What is the ten millions digit of 58808264?
5
What is the thousands digit of 3110027618?
7
What is the thousands digit of 12882525?
2
What is the hundred thousands digit of 166424793?
4
What is the thousands digit of 9570572?
0
What is the tens digit of 165522109?
0
What is the ten thousands digit of 451561665?
6
What is the thousands digit of 2090105?
0
What is the thousands digit of 128711256?
1
What is the hundred thousands digit of 881709755?
7
What is the units digit of 60438500?
0
What is the thousands digit of 2575315632?
5
What is the millions digit of 1082750226?
2
What is the units digit of 385195207?
7
What is the hundreds digit of 41706400?
4
What is the tens digit of 333930517?
1
What is the units digit of 6737459229?
9
What is the ten millions digit of 32104386?
3
What is the hundred millions digit of 295032237?
2
What is the millions digit of 4854953499?
4
What is the thousands digit of 236534198?
4
What is the tens digit of 2068507049?
4
What is the millions digit of 1152159350?
2
What is the thousands digit of 311524776?
4
What is the hundred thousands digit of 30793813?
7
What is the tens digit of 15306282?
8
What is the ten thousands digit of 25703935?
0
What is the millions digit of 20260185?
0
What is the billions digit of 5775191282?
5
What is the units digit of 510301606?
6
What is the ten thousands digit of 131568603?
6
What is the millions digit of 4196201879?
6
What is the hundreds digit of 3062473906?
9
What is the millions digit of 15938738?
5
What is the ten millions digit of 867055949?
6
What is the hundred millions digit of 175601988?
1
What is the units digit of 430577769?
9
What is the hundred thousands digit of 48367385?
3
What is the ten millions digit of 46577028?
4
What is the ten millions digit of 4213933133?
1
What is the hundred millions digit of 185731806?
1
What is the hundreds digit of 23082080?
0
What is the ten thousands digit of 3284470564?
7
What is the millions digit of 79389989?
9
What is the thousands digit of 2220015519?
5
What is the tens digit of 11717461?
6
What is the units digit of 24377569?
9
What is the hundred thousands digit of 1186257118?
2
What is the millions digit of 65674583?
5
What is the units digit of 105229047?
7
What is the tens digit of 438380638?
3
What is the tens digit of 8986719?
1
What is the thousands digit of 47000192?
0
What is the hundred thousands digit of 73771803?
7
What is the hundred millions digit of 4482597542?
4
What is the hundred thousands digit of 307059938?
0
What is the billions digit of 1456850652?
1
What is the ten thousands digit of 17625909?
2
What is the ten thousands digit of 61357704?
5
What is the hundred thousands digit of 406506401?
5
What is the ten thousands digit of 781897206?
9
What is the millions digit of 408397333?
8
What is the hundred thousands digit of 143099303?
0
What is the ten millions digit of 320873303?
2
What is the millions digit of 276523281?
6
What is the thousands digit of 81161670?
1
What is the units digit of 79183413?
3
What is the hundreds digit of 1748677611?
6
What is the tens digit of 121926926?
2
What is the thousands digit of 226029630?
9
What is the units digit of 32534817?
7
What is the millions digit of 57824606?
7
What is the ten millions digit of 175961836?
7
What is the hundred millions digit of 5102193231?
1
What is the millions digit of 457085953?
7
What is the hundreds digit of 3259400536?
5
What is the units digit of 405334511?
1
What is the ten millions digit of 39871471?
3
What is the ten millions digit of 313137037?
1
What is the tens digit of 765801284?
8
What is the hundred millions digit of 3768229248?
7
What is the hundred millions digit of 3928258283?
9
What is the tens digit of 95523849?
4
What is the hundred thousands digit of 416367873?
3
What is the thousands digit of 1303746851?
6
What is the hundreds digit of 917635262?
2
What is the hundred thousands digit of 63960552?
9
What is the ten thousands digit of 1612818670?
1
What is the hundreds digit of 1221623511?
5
What is the thousands digit of 2803428501?
8
What is the ten thousands digit of 64144653?
4
What is the tens digit of 1867388621?
2
What is the ten thousands digit of 2285290827?
9
What is the tens digit of 976855620?
2
What is the hundred thousands digit of 146646501?
6
What is the units digit of 1852412289?
9
What is the tens digit of 2684507496?
9
What is the ten thousands digit of 54929507?
2
What is the hundreds digit of 6529491?
4
What is the hundred thousands digit of 8543301960?
3
What is the thousands digit of 52368893?
8
What is the hundred millions digit of 5140606512?
1
What is the hundreds digit of 92459350?
3
What is the hundred millions digit of 131910727?
1
What is the thousands digit of 95618380?
8
What is the hundreds digit of 3461589401?
4
What is the thousands digit of 265422900?
2
What is the millions digit of 1581429947?
1
What is the hundred millions digit of 166993970?
1
What is the thousands digit of 1623490126?
0
What is the hundreds digit of 204315011?
0
What is the tens digit of 317562541?
4
What is the ten millions digit of 1195379330?
9
What is the thousands digit of 269468204?
8
What is the hundred thousands digit of 305673060?
6
What is the ten millions digit of 1213968276?
1
What is the ten millions digit of 1209277453?
0
What is the thousands digit of 747309871?
9
What is the units digit of 2162680223?
3
What is the units digit of 114632841?
1
What is the hundred thousands digit of 122669560?
6
What is the ten thousands digit of 28706928?
0
What is the billions digit of 7916696786?
7
What is the thousands digit of 36298204?
8
What is the hundred millions digit of 651181923?
6
What is the millions digit of 1575558280?
5
What is the units digit of 400360063?
3
What is the tens digit of 77752204?
0
What is the thousands digit of 21717506?
7
What is the hundreds digit of 4022693570?
5
What is the hundreds digit of 1767711466?
4
What is the ten thousands digit of 97466567?
6
What is the millions digit of 409157588?
9
What is the units digit of 432992646?
6
What is the units digit of 146272187?
7
What is the millions digit of 6068253?
6
What is the millions digit of 1821938449?
1
What is the ten millions digit of 255984610?
5
What is the ten millions digit of 6494422823?
9
What is the hundred thousands digit of 899043831?
0
What is the hundred millions digit of 1093323106?
0
What is the hundred thousands digit of 503961148?
9
What is the units digit of 131968618?
8
What is the hundred thousands digit of 97211537?
2
What is the tens digit of 65852846?
4
What is the hundred millions digit of 260972248?
2
What is the hundred millions digit of 299464197?
2
What is the hundreds digit of 639510223?
2
What is the hundred thousands digit of 5397989281?
9
What is the hundreds digit of 31236478?
4
What is the hundred thousands digit of 299803190?
8
What is the ten millions digit of 3549456064?
4
What is the hundred thousands digit of 323988242?
9
What is the hundred thousands digit of 33787427?
7
What is the hundred millions digit of 4712613979?
7
What is the tens digit of 1105508423?
2
What is the thousands digit of 99775826?
5
What is the ten millions digit of 22415655?
2
What is the tens digit of 204498821?
2
What is the units digit of 4246981035?
5
What is the hundreds digit of 21001303?
3
What is the ten thousands digit of 2254220?
5
What is the units digit of 3978541093?
3
What is the tens digit of 10265565?
6
What is the ten millions digit of 1103979464?
0
What is the ten millions digit of 170570574?
7
What is the tens digit of 783982?
8
What is the ten thousands digit of 311289382?
8
What is the millions digit of 199452099?
9
What is the ten thousands digit of 795333779?
3
What is the ten millions digit of 707492243?
0
What is the hundred thousands digit of 6001239039?
2
What is the hundred thousands digit of 1836261836?
2
What is the hundred millions digit of 896123284?
8
What is the ten millions digit of 63165473?
6
What is the hundred millions digit of 683205422?
6
What is the ten thousands digit of 33328195?
2
What is the tens digit of 749150124?
2
What is the thousands digit of 41